
1
Suppose 3*m + 3*c = -30, -3*m - 26 = 2*m - c. Let o = m - -9. Suppose 655 - 88 = o*p. Calculate the highest common divisor of p and 21.
21
Let h(a) = 2*a**3 + 2*a**2 + 2*a - 1. Let b be h(2). Suppose 0 = 86*v - 6127 - 5483. What is the greatest common factor of v and b?
27
Let c be 1*(-8)/24*48*-2. What is the highest common factor of 32 and c?
32
Let i be ((0/1)/1)/(-1). Suppose 4*d + 2*c = 418, 5*d + 0*c + 2*c - 520 = i. Let a = 172 - d. Calculate the highest common factor of 14 and a.
14
Let y(c) = c**2 - 13*c - 6. Let d(m) = m**2 - 12*m - 7. Let b(s) = 3*d(s) - 2*y(s). Let u be b(-5). What is the highest common factor of 22 and u?
22
Let o = 942 - 637. Suppose -4*s = m + 4*m - o, 409 = 5*s - 3*m. What is the greatest common divisor of s and 16?
16
Suppose 6*o + 4*o = 230. What is the greatest common divisor of 92 and o?
23
Let l = 3 + -1. Suppose -l*k - 4 + 16 = 0. Let r = -58 + 112. What is the highest common divisor of k and r?
6
Suppose 4*z - 5*v = -z + 80, 2*z = -5*v + 18. Let f = z - 3. Suppose -7*n - 40 = -f*n. Calculate the highest common factor of n and 30.
10
Let r be 34/(-3)*(663/(-34))/13. Calculate the highest common factor of 1054 and r.
17
Suppose -126 = -22*k + 50. What is the greatest common factor of 24 and k?
8
Suppose -3*q - 10*s + 13*s = -27, -2*q - 5*s = 17. Let j be (0 - -13)*(-2)/(-2). Suppose q*n = j + 3. What is the highest common divisor of n and 32?
4
Let n = 135 - 100. Let h = n + -13. Calculate the greatest common factor of 242 and h.
22
Suppose -39 = -u - 37. What is the greatest common factor of 26 and u?
2
Let r(v) = -v**3 + 14*v**2 - 12*v - 13. Let l be r(13). Suppose -12*q + 236 + 340 = l. Calculate the highest common factor of 3 and q.
3
Let o(l) = 2*l + 41. Let c be o(-18). Suppose 4*y - 2*n = 80 + 70, -c*n + 105 = 2*y. What is the highest common divisor of 8 and y?
8
Suppose -172 = -11*o + 224. Suppose 2*w - b + 2*b = o, 2*w - b = 44. What is the highest common factor of w and 8?
4
Suppose 2*m = -0*m + 60. Let f be (-2)/((3/27)/(2/(-3))). Suppose 9*d = f*d - m. Calculate the highest common factor of d and 25.
5
Let g(f) = -f**3 + 171. Let d be g(0). Calculate the greatest common factor of d and 19.
19
Let s(m) = m**3 - m**2 + 2*m - 4. Let c be s(0). Let t be (-20)/c*(4 - 3). Calculate the highest common factor of t and 15.
5
Let c be 0 + 2/((-4)/(-2)). Let l(r) = 2*r - 32. Let b(k) = 3*k - 32. Let i(u) = 5*b(u) - 4*l(u). Let g be i(5). What is the highest common factor of c and g?
1
Let t be 217 + -168 + 1*2/2. Suppose 0 = -5*y + n - 463 + 2712, 4*n = 5*y - 2246. What is the greatest common factor of t and y?
50
Suppose -4 = -2*g - 4*j, 9 = -4*g - 5*j + 20. Calculate the greatest common factor of 164 and g.
4
Suppose 0 = 5*j - z - 14, 0*j - 3*j = -5*z - 26. Let a be (29/(-3))/(j/(-6)). Calculate the greatest common factor of 87 and a.
29
Let m(t) = -t**3 - 6*t**2 - 8*t - 5. Let x be m(-5). Suppose 4*z = 5*r - 71, -3*r + 5*z = x*z - 13. Calculate the greatest common factor of 11 and r.
11
Let x be (-5 - (-56)/10)/((-4)/(-1700)). What is the highest common divisor of 204 and x?
51
Let m(k) be the second derivative of 5*k**3/6 - 7*k**2/2 - 9*k. Let l be m(2). Calculate the highest common factor of l and 2.
1
Let s be 3*((-147)/(-99) - (-2)/11). Suppose 61 = s*g - 9. Calculate the greatest common factor of 56 and g.
14
Let l be 19 - -3 - (27 - 22). Calculate the highest common factor of l and 493.
17
Let w(h) = -4*h + 15. Let k(c) = c - 4. Let l be k(4). Let r be w(l). Calculate the greatest common factor of 5 and r.
5
Suppose -4*j - b + 12 = -2*j, 2*b + 8 = 4*j. Let g = -336 + 372. What is the highest common divisor of j and g?
4
Let p(f) = -2*f**3 - 3*f - 9. Let a(l) = 2*l + 15. Let g be a(-10). Let k be p(g). What is the greatest common factor of k and 32?
32
Suppose 0 = -8*d - 4*d - 12. Let f be d - (-2 + 1) - (3 + -8). What is the highest common divisor of 10 and f?
5
Let f = -637 - -705. What is the highest common factor of 34 and f?
34
Let k = 18 + -12. Let t be (-1 + 0)/(16/144). Let u(l) = -l - 6. Let x be u(t). What is the greatest common divisor of k and x?
3
Let v = -74 + 135. Let f = 62 - v. Calculate the greatest common divisor of 1 and f.
1
Let r(g) = -g**3 - 6*g**2 + 4*g - 7. Let z be r(-7). Let s be 5/10*3*z. What is the highest common divisor of s and 147?
21
Let d(b) = 305*b**2 - 13*b - 1. Let z be d(1). Calculate the greatest common divisor of 97 and z.
97
Suppose 5*n = 5*w - 7 + 2, w - 3*n = 3. Suppose w = 2*u - 2, -7*u + 3*u - 36 = -5*x. What is the highest common divisor of 20 and x?
4
Let q = 1 - -13. Let o(m) = -7*m**2 + 50 - 4*m**3 - q*m + 3*m**3 - 52. Let z be o(-7). What is the highest common divisor of 64 and z?
32
Let d(c) = 4 + 9*c - 15 - 4*c. Suppose 4*b = 2*m + 52, 3*b + 0*m - 44 = 4*m. Let t be d(b). Calculate the highest common divisor of 7 and t.
7
Let i be 19/(-7 + 8) - 0. Let f = -80 - -175. Calculate the greatest common factor of f and i.
19
Let z(k) = -40*k. Let c be z(-2). Suppose 3*o = 183 + 57. Suppose 26*y - o = 22*y. What is the greatest common factor of y and c?
20
Let c be (33/(-9) + 4)*9. Suppose c*g = 5*d, -d = 2*d - 9. Let m = 6 - 4. What is the greatest common divisor of m and g?
1
Let u(w) = -2*w**3 - 75*w**2 - 35*w + 88. Let x be u(-37). Let y = 1157 - 541. Suppose h = 5*h - y. Calculate the highest common divisor of x and h.
14
Suppose 2*m = -6 - 6. Let n be 4/m + (-110)/(-3). Suppose -14 = y - n. Calculate the greatest common divisor of y and 11.
11
Let v be 75*(4 - (-28)/(-6)). Let s be 8/10 + (-10)/v. Let k be (38 - -3 - 3) + s. Calculate the greatest common divisor of k and 39.
39
Suppose 0 = -33*z - 25*z + 870. Calculate the greatest common factor of z and 18.
3
Let h be (-30)/(-25)*(23 + (-6 - 2)). Calculate the greatest common factor of h and 729.
9
Let q be (5*-2)/((-60)/24). Let z(t) = 6*t + 4. Let m be z(6). Suppose -q*r - r = -m. What is the highest common divisor of 40 and r?
8
Let k(n) = -12*n - 170. Let y be k(-16). What is the greatest common factor of 418 and y?
22
Let v(m) = m + 4*m**2 + m**3 + 24 + 5*m**2 - 12. Let b be v(-9). What is the greatest common divisor of b and 15?
3
Suppose -3*x = -3, 9*n = 6*n + x + 572. Suppose -3*d + 285 - 1 = -4*l, -n = -2*d + 3*l. What is the greatest common factor of 11 and d?
11
Let z(m) = 19*m**2 - 2*m + 3. Let s be z(1). Let g = -1 - -1. Suppose -5*a + 4 + 16 = g. Calculate the greatest common factor of a and s.
4
Let u = -20 + 18. Let a = u - -19. Suppose -6*b + 67 = -a. Calculate the highest common factor of b and 56.
14
Let u be 48 + -8 + (6 - 0). Calculate the greatest common factor of u and 437.
23
Suppose 0 = 18*o - 1281 + 129. Calculate the highest common factor of 448 and o.
64
Suppose -2*o - 3*o + 41 = -3*p, 4*o + 4*p = 20. Let a be (-28 - 0)/((-244)/(-36) - o). What is the greatest common divisor of a and 14?
14
Let z = 11 - 3. Let a = -34 + 52. Let v = a - z. What is the highest common factor of v and 70?
10
Suppose -n + 2*r - 7 = 0, -r = n + 3*n - 17. Suppose 0*x = -n*x + 15. Suppose -c + 220 = 3*c. What is the greatest common divisor of x and c?
5
Suppose -2*p = -303 - 663. What is the greatest common factor of p and 138?
69
Let l be ((-24)/28)/(12/(-644)). Calculate the greatest common divisor of 391 and l.
23
Let l(q) = -4*q + 6. Let f be l(5). Let m be 1 + 1 + (-658)/f. What is the greatest common divisor of 539 and m?
49
Let f be (-4)/(-5)*15/6. Let w be f - (-3 - (2 - 4)). Suppose -288 = -w*q + 3*h, 3*q - 2*q - 96 = -4*h. What is the highest common factor of 16 and q?
16
Suppose 0 = -55*d + 1660 - 10. Calculate the highest common factor of 140 and d.
10
Suppose 2*h = 8 - 0. Suppose -g - h*g = -360. Suppose 2*a - 36 = -f - 4*f, 0 = 4*a - 4*f - 16. Calculate the greatest common factor of g and a.
8
Suppose 1107 = m + j + j, 2*j - 4440 = -4*m. Calculate the greatest common divisor of m and 11.
11
Suppose -3*f + 3*v + 1482 = 0, 5*f - 5*v - 2480 = -10*v. What is the greatest common factor of f and 135?
45
Let x(a) = -a**3 - a + 15. Let n be x(-3). Calculate the greatest common factor of 75 and n.
15
Suppose -27*g - 573 = -16665. What is the greatest common factor of g and 4?
4
Let l be (377 - -1)/((-3)/(-2)). Let o(d) = 2 - 2*d - 11*d + 0. Let p be o(-2). Calculate the greatest c